 3368?
125
Calculate the remainder when 733408 is divided by 26190.
88
Calculate the remainder when 12135575 is divided by 509.
506
What is the remainder when 7082 is divided by 959?
369
What is the remainder when 1280776 is divided by 116412?
244
Calculate the remainder when 11798073 is divided by 14045.
273
What is the remainder when 734154 is divided by 797?
117
What is the remainder when 550226752 is divided by 693?
691
Calculate the remainder when 109579326 is divided by 209.
208
Calculate the remainder when 747604 is divided by 373741.
122
Calculate the remainder when 90494 is divided by 2325.
2144
Calculate the remainder when 38962144 is divided by 37.
34
Calculate the remainder when 748849 is divided by 6743.
376
What is the remainder when 486209 is divided by 15684?
5
What is the remainder when 20803 is divided by 10291?
221
What is the remainder when 28068 is divided by 27989?
79
Calculate the remainder when 469378404 is divided by 29336150.
4
What is the remainder when 160670 is divided by 167?
16
Calculate the remainder when 2077752 is divided by 296819.
19
What is the remainder when 4568526 is divided by 1142128?
14
What is the remainder when 385379 is divided by 3441?
3428
Calculate the remainder when 2390239 is divided by 477991.
284
What is the remainder when 574132 is divided by 9898?
48
What is the remainder when 549144 is divided by 6035?
5994
Calculate the remainder when 12044538 is divided by 8955.
63
What is the remainder when 1362967 is divided by 29?
25
What is the remainder when 5402693 is divided by 270?
263
What is the remainder when 161340474 is divided by 3360?
3354
Calculate the remainder when 28669 is divided by 240.
109
What is the remainder when 1116423 is divided by 7752?
135
What is the remainder when 44432 is divided by 288?
80
Calculate the remainder when 1597692 is divided by 531144.
4260
What is the remainder when 8234756 is divided by 1304?
1300
What is the remainder when 1954592 is divided by 2589?
2486
Calculate the remainder when 856462 is divided by 2242.
18
Calculate the remainder when 509798 is divided by 444.
86
What is the remainder when 3978407 is divided by 521?
51
Calculate the remainder when 77532830 is divided by 6.
2
What is the remainder when 98742068 is divided by 35?
33
What is the remainder when 8022 is divided by 6527?
1495
What is the remainder when 24636 is divided by 12083?
470
What is the remainder when 3702294 is divided by 66?
24
What is the remainder when 106898 is divided by 53442?
14
What is the remainder when 613079602 is divided by 21?
16
Calculate the remainder when 10322 is divided by 398.
372
What is the remainder when 24623122 is divided by 2694?
2656
Calculate the remainder when 251286842 is divided by 35.
2
What is the remainder when 6977 is divided by 6883?
94
What is the remainder when 2891539 is divided by 1444989?
1561
Calculate the remainder when 3110479 is divided by 1274.
645
What is the remainder when 65929108 is divided by 4395273?
13
Calculate the remainder when 69596 is divided by 752.
412
Calculate the remainder when 65556 is divided by 9293.
505
Calculate the remainder when 1131788 is divided by 612.
200
Calculate the remainder when 1261518 is divided by 37098.
186
What is the remainder when 373825 is divided by 739?
630
Calculate the remainder when 28043919 is divided by 9347969.
12
Calculate the remainder when 185321208 is divided by 10.
8
Calculate the remainder when 1870447 is divided by 935137.
173
Calculate the remainder when 29552547 is divided by 1223.
1198
What is the remainder when 315020 is divided by 1388?
1332
Calculate the remainder when 4613266 is divided by 59.
56
What is the remainder when 1316180 is divided by 188014?
82
What is the remainder when 52194 is divided by 265?
254
Calculate the remainder when 184238 is divided by 2070.
8
What is the remainder when 1015972 is divided by 72567?
34
Calculate the remainder when 22658433 is divided by 302.
279
Calculate the remainder when 171950 is divided by 1328.
638
What is the remainder when 1839211 is divided by 1839068?
143
Calculate the remainder when 605167 is divided by 75571.
599
What is the remainder when 14942961 is divided by 10?
1
Calculate the remainder when 52374 is divided by 50847.
1527
What is the remainder when 136102 is divided by 211?
7
Calculate the remainder when 1431766 is divided by 1059.
1057
Calculate the remainder when 446031 is divided by 3459.
3279
Calculate the remainder when 1642281 is divided by 234607.
32
Calculate the remainder when 13498915 is divided by 710468.
23
What is the remainder when 3797818 is divided by 1265939?
1
Calculate the remainder when 1469198 is divided by 1396.
606
What is the remainder when 3429976 is divided by 95?
1
Calculate the remainder when 2819604 is divided by 48.
36
What is the remainder when 50476 is divided by 3124?
492
Calculate the remainder when 8152551 is divided by 40359.
33
What is the remainder when 1091621 is divided by 1208?
797
Calculate the remainder when 8258725 is divided by 4129359.
7
Calculate the remainder when 7681006 is divided by 563.
560
What is the remainder when 377786 is divided by 70?
66
What is the remainder when 417198339 is divided by 22?
19
Calculate the remainder when 376445 is divided by 188182.
81
Calculate the remainder when 75871 is divided by 75753.
118
Calculate the remainder when 648809 is divided by 6620.
49
What is the remainder when 130415 is divided by 15436?
6927
What is the remainder when 50937727 is divided by 86?
13
Calculate the remainder when 3219512 is divided by 1885.
1817
What is the remainder when 72589282 is divided by 27?
25
What is the remainder when 2511 is divided by 1035?
441
Calculate the remainder when 1220781 is divided by 135473.
1524
Calculate the remainder when 1170876 is divided by 7750.
626
Calculate the remainder when 67954880 is divided by 22651622.
14
Calculate the remainder when 193937 is divided by 7266.
5021
Calculate the remainder when 166068062 is divided by 208.
30
What is the remainder when 340665 is divided by 55?
50
Calculate the remainder when 8595409 is divided by 35.
4
What is the remainder when 2253126 is divided by 11735?
6
What is the remainder when 9106254 is divided by 807?
66
What is the remainder when 7834 is divided by 7270?
564
Calculate the remainder when 7149 is divided by 222.
45
Calculate the remainder when 54957120 is divided by 92.
0
What is the remainder when 1265946 is divided by 394?
24
What is the remainder when 2368178 is divided by 3759?
8
Calculate the remainder when 1045477 is divided by 95037.
70
What is the remainder when 456863 is divided by 830?
363
What is the remainder when 26837106 is divided by 19?
5
Calculate the remainder when 13549744 is divided by 2452.
2444
What is the remainder when 410809 is divided by 31568?
425
Calculate the remainder when 3942026 is divided by 1314006.
8
Calculate the remainder when 6863709 is divided by 1704.
1701
What is the remainder when 4738824 is divided by 2369408?
8
Calculate the remainder when 117333 is divided by 1543.
65
Calculate the remainder when 6774262 is divided by 284.
10
What is the remainder when 1181876 is divided by 285?
266
Calculate the remainder when 11427646 is divided by 12.
10
What is the remainder when 74698 is divided by 4241?
2601
What is the remainder when 295522 is divided by 3737?
299
What is the remainder when 1134049 is divided by 1347?
1222
What is the remainder when 36977 is divided by 16245?
4487
Calculate the remainder when 75562 is divided by 1480.
82
Calculate the remainder when 9130967 is divided by 648.
647
What is the remainder when 13793 is divided by 4571?
80
Calculate the remainder when 14708091 is divided by 723.
102
What is the remainder when 1055800 is divided by 117298?
118
Calculate the remainder when 188322 is divided by 6581.
4054
Calculate the remainder when 1627576 is divided by 1023.
1006
What is the remainder when 727743 is divided by 28?
23
Calculate the remainder when 2957564 is divided by 24.
20
Calculate the remainder when 137122864 is divided by 48.
16
What is the remainder when 9752927 is divided by 3250966?
29
What is the remainder when 3036029 is divided by 1758?
1721
Calculate the remainder when 97267408 is divided by 140357.